 -2)) + 4)?
12
Evaluate 0 + 3 - 0 - (-2 - 1 - -19).
-13
((-15 - 3) + 3 - 25) + 17
-23
What is the value of -5 - -8 - (-232 + 221)?
14
What is the value of 10 - (-12 - -21) - (6 + 3)?
-8
What is (7 + -22 - 9) + 9?
-15
Evaluate -31 + (9 - -22) - 14.
-14
What is -21 - -1 - -20 - (-12 + 2)?
10
21 + -13 - (-7 + -1 + 4)
12
(12 - (-5 - 0)) + -1 + 2
18
27 + 0 + -119 + 104
12
What is 78 + -79 - (-6 - 2)?
7
What is 10 - (4 - -24) - 5 - (0 - 4)?
-19
22 - (20 - 25 - (2 + 2))
31
What is (-2 - -15) + (-231 - -214)?
-4
3 + -6 + 2 + (-5 - (-7 + 5))
-4
1 + 5 - 7 - (2 - (2 + 4))
3
What is the value of 22 - ((-30 - -6) + 26)?
20
What is the value of 2 + 8 + -6 + (33 - 40)?
-3
Calculate 9 + (10 - (-1 - 13) - 14).
19
What is the value of -12 + -20 - (-11 + (14 - 8))?
-27
Evaluate -6 + -7 + 5 + 4 + -20.
-24
What is 31 - ((9 - 33) + 64)?
-9
What is -26 - -18 - ((-12 - -2) + 2)?
0
Calculate -7 - (-2 + (3 - 2) + -85 + 85).
-6
75 + -29 + -15 + -24
7
(-6 - -20) + -13 - -15 - (-2 + 3)
15
What is the value of (-6 - -2) + -4 + -12 + 0 + 6?
-14
-1 + -7 - 0 - (8 + -2)
-14
-9 + (10 - 7) - (2 - -2 - 2)
-8
What is 18 - -2 - (6 + 0)?
14
What is the value of (-13 - 6) + 25 - (7 + -1)?
0
Evaluate -29 - 0 - -40 - -9.
20
Calculate (13 + -2 - 0) + -4 - 20.
-13
Calculate -10 - (15 + 9) - (-17 + 10).
-27
What is 11 - (9 + 1 + 7 + -7 + -5)?
6
What is the value of 4 + 1 + (24 + -19 - (5 + 0))?
5
3 - (39 + -2 + (55 - 57)) - -7
-25
What is 3 + (4 - (-7 - -11))?
3
(13 - (8 - 4)) + -7 - (3 - 21)
20
Evaluate (6 - 2) + (20 + -22 - (-11 - -2)).
11
What is 13 + (-24 - (-28 - -8))?
9
What is the value of -20 - -6 - (2 - 7)?
-9
Calculate -23 + (33 - 4) + -1 + -27.
-22
What is 8 - (0 - 3 - (99 + -106))?
4
Evaluate 8 + 4 + (-14 - 2).
-4
Calculate 35 - (6 + 5 - (4 - (1 + -4))).
31
8 + (-17 - (-3 + 4)) - 1
-11
-204 + 222 - (-9 - 0)
27
Evaluate (-13 - 2 - -2) + (806 - 805) - 25.
-37
(-38 - -78) + -49 - (0 + -14)
5
What is the value of (1 - -2 - (1 - 15)) + (-69 - -69)?
17
What is -2 + 0 + 10 + (6 + 12 - 21)?
5
What is the value of 16 - 1 - (-22 - (-10 - (9 - 1)))?
19
What is the value of (-2 - 1) + -3 + 0 + (8 - 4)?
-2
What is 30 + (5 - 39) + 19?
15
Calculate 3 - (-6 - (0 - 6) - (-7 + 7)).
3
What is the value of (-2 - -2) + -17 + (130 - 127)?
-14
Evaluate 9 + (-3 - 27) - -10.
-11
What is 3 + -1 + -6 + 8 + -14?
-10
Calculate 16 + -37 - (-22 - 4).
5
What is the value of -23 + (-4 - -16) + 22?
11
What is the value of 17 + -72 + -6 + 21 - -3?
-37
Calculate -11 + (-12 - (-8 + 3)) + 0 - -5.
-13
What is 4 - (-3 + 15 - -4) - -2?
-10
What is 7 - -9 - (-5 - -7)?
14
(-6 - (1 - 32)) + -5 + -7 + -1
12
Calculate 9 + (0 - (-4 - -10)) + (6 - 2).
7
Calculate -52 + -5 + (0 - -32).
-25
What is -1 + 0 + 23 - 2 - (45 - 39)?
14
What is 102 - 98 - (12 + 1)?
-9
What is (16 - ((-2 - 2) + -4)) + -2?
22
What is the value of 10 + (-4 - (-12 - (-1 + -30)))?
-13
Calculate -7 + (-10 - (-15 + 0 + 4)) - 5.
-11
Calculate 13 + -5 + -2 + -21 + -1 - -4.
-12
Calculate (8 - 12) + 12 + -7.
1
Calculate -9 - ((32 - (-33 - -68)) + (-9 - 1)).
4
Calculate -6 - (8 - (-10 + 16 + -13)).
-21
Evaluate -39 - (-62 - 2) - (-8 - 2).
35
Calculate -2 + (-20 - -3) - (-26 - (-5 + -15)).
-13
Calculate -106 + 94 - (1 - 7).
-6
Calculate -7 - -1 - (3 + -22 + 23).
-10
What is -13 + 6 + (12 - (13 - 2 - 5))?
-1
What is the value of 22 - 1 - ((70 - 64) + -6)?
21
Evaluate 2 - (-9 + (-5 - (7 + -10))).
13
What is the value of -6 - (5 + -3) - (0 + 3 + 5)?
-16
What is 0 + -20 + 2 + -9 + 16?
-11
Evaluate 8 - (7 - 0) - (-4 - 18 - -7).
16
Calculate 9 - (4 - (-8 - -13)).
10
What is -1295 + 1275 + 11 + 1?
-8
-28 + -1 + -3 + 9 - (2 + -2)
-23
-17 + -8 - ((0 + 0 - -8) + -3)
-30
What is 1 + (-9 + 21 - 10)?
3
Calculate -11 - -22 - 2 - 6 - (0 + -4).
7
-335 + 355 + (-3 - 0) - -6
23
What is the value of -6 - 4 - -11 - -10?
11
What is -13 - (-29 + 7 - -16)?
-7
Evaluate -5 - (4 + (-10 - -5)).
-4
What is the value of -307 + 309 + 2 + -18?
-14
Calculate 1 - 5 - (8 + -22 + 13 + -4).
1
-4 + -11 - (-2 + -21)
8
Evaluate -3 + -3 - (-7 + 3 + 10).
-12
Evaluate (3 - (-3 + -1 + 1)) + 15 + 6.
27
Calculate (-18 - -12) + (-2 - (-3 - -1)).
-6
What is -8 + 0 + 39 + -14 + -5?
12
Calculate (-15 - (-2 + -2)) + (6 - (-5 + -36)).
36
What is -6 - (-11 + -11 + 19 - (5 + 20))?
22
Calculate (-306 - -302) + (10 - (0 - -2)).
4
Evaluate 1 + 1 - (-35 - (-8 + -26)) - -4.
7
Evaluate -14 + 3 + 8 + -9 + (4 - -3).
-5
What is 11 + 13 + (5 - 36) + 23?
16
0 + (6 - 13) + 3 + 14 + -3
7
Evaluate -144 + 133 - (2 - 18).
5
What is -9 - (16 + -1 + 25 + -37)?
-12
2 - 4 - 2 - -2
-2
What is the value of 26 + (1 - 3) + (-2206 - -2186)?
4
What is the value of 7 - ((-8 - (-17 - -6)) + -12)?
16
Evaluate (-10 - 1) + ((-8 - -4) + -3 - -7).
-11
Calculate (47 + -37 - (2 - -11)) + 13.
10
What is the value of -34 - (-7 - 5 - (5 - 2 - 13))?
-32
What is 17 - (-3 + ((-2 - -5) + -2 - -6))?
13
What is (6 - 3 - -1) + -1022 + 1000?
-18
16 - 0 - (-45 - 4 - -46)
19
What is 4 + -18 + 31 + -5?
12
What is 461 + -473 - (-41 + 0)?
29
(12 - (-11 + 21)) + -18 + 13
-3
What is the value of (53 - 75) + 22 + -1?
-1
Evaluate -7 - ((25 - 8) + -38).
14
Calculate 10 - (-18 - (-45 + 28)).
11
Evaluate 10 + 2 - (37 + -21).
-4
Evaluate (5 - -14 - -6) + -18.
7
What is 7 - (0 - 1) - (39 + 28 - 62)?
3
-1 + -5 + 24 + -8
10
Evaluate -11 - (-7 + (2 - 6)).
0
What is the value of -9 + (-2 - -1) - (173 - 210)?
27
Evaluate ((-4 - -4 - 5) + 2 - 2) + 7.
2
What is 30 + 22 + -52 - (2 + 29)?
-31
Calculate -28 + 25 + (2 - 21).
-22
Evaluate (-13 - -13 - 11) + 0 + -1.
-12
Calculate (5 - 12 - -6) + (-1 - 16) + 1.
-17
What is -12 - (0 + -5) - (-9 + 2)?
0
Calculate 22 + -30 + 11 - -10.
13
59 + -66 + 3 + -8 + 17 + -2
3
What is 6 - 12 - 1 - (1 + 0 + 15)?
-23
What is the value of (-2 - (19 - 6)) + 7?
-8
What is the value of (-2 - (-7 + 24 - 10)) + 4?
-5
What is the value of (9 - (27 - 14)) + -20?
-24
Evaluate (-50 - (0 + -1)) + (-91 - -80) + 22.
-38
Calculate 82 + -88 - (-6 + -22).
22
Calculate (1 - -1) + (7 + -6 - 1).
2
What is 3 + -22 + 31 + -49 + 16?
-21
What is the value of (-25 - -26) + 28 + -5 + -7 - 11?
6
What is the value of -1 - (-2 + -7) - 2 - 3?
3
Calculate -6 - (4 - -5) - -7 - 3.
-11
What is the value of 0 - (2 - -3) - (-34 - (14 + -25))?
18
Calculate (4 - 0) + (-13 - -8) + -7.
-8
What is -7 + (10 - -3) + -5?
1
(0 - 1) + 2 - (-7 + -82 + 93)
-3
3 + (-2 - -6) + 3 + (-134 - -105)
-19
What is -92 + 87 + 0 + -1?
-6
Calculate -6 - (6 - (-5 - -19 - (10 + -1))).
-7
What is -7 + (-45 - -44) + 0 + 1 - 4?
-11
Calculate (-16 - 0) + (128 - 59 - 17).
36
What is -276 - -265 - (-12 - 0)?
1
-33 + -3 - (-35 + 13)
-14
Calculate -20 + -6 + -13 + 27 + -12 + 3.
-21
What is 4 - (-11 - 1 - (40 + -45))?
11
What is the value of -11 + 16 + (5 - 15)?
-5
What is the value of -27 + 30 - ((1 - 6) + -3)?
11
Evaluate 6 - (-17 + 37) - -1 - -22.
9
Evaluate -10 + (-27 - -30) - (3 - 5).
-5
-9 - (-14 + -2 - -19)
-12
Evaluate -1 + 16 + -3 - (-14 + 1).
25
(-33 - (-23 + 1)) + 0
-11
Evaluate (-28 - -18) + 10 + 12.
12
Evaluate -14 + 25 + -8 + -4.
-1
Evaluate -7 + 4 + 10 + -10.
-3
What is the value of 49 + (-21 - -10) + -26?
12
Calculate 14 - 17 - (2 - 0) - 1 - 2.
-8
(8 - (1 - -16)) + 9
0
What is (1 - -1) + (-11 - -10 - -3 - 4)?
0
Calculate (1 - -2) + -1 - (12 - -6 - 23).
7
Calculate 0 + -2 + (23 - (15 - 7) - 3).
10
What is the value of (-20 + 11 - -15) + -3?
3
What is (-1 - 19) + 22 + 7?
9
Evaluate (-27 - 1) + (-44 - (-26 - 17)).
-29
Evaluate -11 - (-10 - (-46 - -15)).
-32
1 + 4 + 12 + (-5 - -11)
23
Calculate (-6 - 9 - 42) + 39.
-18
What is 9 + (-6 + 3 - (-2 + -1) - 2)?
7
What is 2 - (6 - -22 - 0 - 5)?
-21
What is -15 + (-6 + 11 - -4)?
-6
What is the value of -16 - (-27 + 36 + -9)?
-16
(-4 - 0) + -51 + (2 - -36)
-17
What is 22 + -1 + 0 - 6?
15
What is the value of (-9 - -14 - (-7 + 2) - 11) + -15?
-16
What is -483 + 432 + (-3 - -12) + 3?
-39
Evaluate 12 - (18 + (-33 - -10)).
17
What is the value of ((10 - 9 - -5) + -9 - 0) + 22?
19
Calculate 6 + -19 + 9 - 4.
-8
Evaluate 22 - (0 - (-3 + -2)).
17
What is the value of 0 + 0 + (3 - (7 + -8) - 1)?
3
Evaluate 29 - ((-23 - -43) + -13).
22
-22 - (43 + 0) - -46
-19
Evaluate -11 - (7 + -10 + 3) - 15.
-26
What is the value of -10 - (-4 - 0) - (-7 - 2)?
3
17 + (21 - 15) + -21
2
Calculate (18 - 28 - -15) + 9.
14
What is the value of (28 - 35) + (-9 - -4)?
-12
What is -3 + -11 - -27